{"version":"1.0","provider_name":"Carl-Humann-Gymnasium Essen","provider_url":"https:\/\/carl-humann.de\/en\/","author_name":"Max Baukrowitz","author_url":"https:\/\/carl-humann.de\/en\/author\/max-baukrowitz\/","title":"Jetzt ist Zeit zu handeln f\u00fcr Europa! - Carl-Humann-Gymnasium Essen","type":"rich","width":600,"height":338,"html":"<blockquote class=\"wp-embedded-content\" data-secret=\"RsWYfYfxul\"><a href=\"https:\/\/carl-humann.de\/en\/jetzt-ist-zeit-zu-handeln-fuer-europa\/\">Jetzt ist Zeit zu handeln f\u00fcr Europa!<\/a><\/blockquote><iframe sandbox=\"allow-scripts\" security=\"restricted\" src=\"https:\/\/carl-humann.de\/en\/jetzt-ist-zeit-zu-handeln-fuer-europa\/embed\/#?secret=RsWYfYfxul\" width=\"600\" height=\"338\" title=\"&#8220;Jetzt ist Zeit zu handeln f\u00fcr Europa!&#8221; &#8212; Carl-Humann-Gymnasium Essen\" data-secret=\"RsWYfYfxul\" frameborder=\"0\" marginwidth=\"0\" marginheight=\"0\" scrolling=\"no\" class=\"wp-embedded-content\"><\/iframe><script type=\"text\/javascript\">\n\/* <![CDATA[ *\/\n\/*! This file is auto-generated *\/\n!function(d,l){\"use strict\";l.querySelector&&d.addEventListener&&\"undefined\"!=typeof URL&&(d.wp=d.wp||{},d.wp.receiveEmbedMessage||(d.wp.receiveEmbedMessage=function(e){var t=e.data;if((t||t.secret||t.message||t.value)&&!\/[^a-zA-Z0-9]\/.test(t.secret)){for(var s,r,n,a=l.querySelectorAll('iframe[data-secret=\"'+t.secret+'\"]'),o=l.querySelectorAll('blockquote[data-secret=\"'+t.secret+'\"]'),c=new RegExp(\"^https?:$\",\"i\"),i=0;i<o.length;i++)o[i].style.display=\"none\";for(i=0;i<a.length;i++)s=a[i],e.source===s.contentWindow&&(s.removeAttribute(\"style\"),\"height\"===t.message?(1e3<(r=parseInt(t.value,10))?r=1e3:~~r<200&&(r=200),s.height=r):\"link\"===t.message&&(r=new URL(s.getAttribute(\"src\")),n=new URL(t.value),c.test(n.protocol))&&n.host===r.host&&l.activeElement===s&&(d.top.location.href=t.value))}},d.addEventListener(\"message\",d.wp.receiveEmbedMessage,!1),l.addEventListener(\"DOMContentLoaded\",function(){for(var e,t,s=l.querySelectorAll(\"iframe.wp-embedded-content\"),r=0;r<s.length;r++)(t=(e=s[r]).getAttribute(\"data-secret\"))||(t=Math.random().toString(36).substring(2,12),e.src+=\"#?secret=\"+t,e.setAttribute(\"data-secret\",t)),e.contentWindow.postMessage({message:\"ready\",secret:t},\"*\")},!1)))}(window,document);\n\/\/# sourceURL=https:\/\/carl-humann.de\/wp-includes\/js\/wp-embed.min.js\n\/* ]]> *\/\n<\/script>\n","thumbnail_url":"https:\/\/carl-humann.de\/wp-content\/uploads\/2024\/05\/P1050628-1024x768.jpg","thumbnail_width":1024,"thumbnail_height":768,"description":"Am Pfingstfest haben wir uns daran erinnert, dass die J\u00fcnger Jesu inspiriert wurden und in allen Sprachen sprechen konnten \u2013 ein sch\u00f6nes Bild f\u00fcr internationale Verst\u00e4ndigung. Dieser Gedanke passt auch zu Europa, das an unserer Schule in vielf\u00e4ltiger Weise pr\u00e4sent ist: im Fremdsprachenunterricht, bei Fahrten und Gegenbesuchen im Rahmen unseres Programms Erasmus+ und in diesem..."}

Jetzt ist Zeit zu handeln für Europa! - Carl-Humann-Gymnasium Essen

<blockquote class="wp-embedded-content" data-secret="RsWYfYfxul"><a href="https://carl-humann.de/en/jetzt-ist-zeit-zu-handeln-fuer-europa/">Jetzt ist Zeit zu handeln für Europa!</a></blockquote><iframe sandbox="allow-scripts" security="restricted" src="https://carl-humann.de/en/jetzt-ist-zeit-zu-handeln-fuer-europa/embed/#?secret=RsWYfYfxul" width="600" height="338" title="&#8220;Jetzt ist Zeit zu handeln für Europa!&#8221; &#8212; Carl-Humann-Gymnasium Essen" data-secret="RsWYfYfxul" frameborder="0" marginwidth="0" marginheight="0" scrolling="no" class="wp-embedded-content"></iframe><script type="text/javascript">
/* <![CDATA[ */
/*! This file is auto-generated */
!function(d,l){"use strict";l.querySelector&&d.addEventListener&&"undefined"!=typeof URL&&(d.wp=d.wp||{},d.wp.receiveEmbedMessage||(d.wp.receiveEmbedMessage=function(e){var t=e.data;if((t||t.secret||t.message||t.value)&&!/[^a-zA-Z0-9]/.test(t.secret)){for(var s,r,n,a=l.querySelectorAll('iframe[data-secret="'+t.secret+'"]'),o=l.querySelectorAll('blockquote[data-secret="'+t.secret+'"]'),c=new RegExp("^https?:$","i"),i=0;i<o.length;i++)o[i].style.display="none";for(i=0;i<a.length;i++)s=a[i],e.source===s.contentWindow&&(s.removeAttribute("style"),"height"===t.message?(1e3<(r=parseInt(t.value,10))?r=1e3:~~r<200&&(r=200),s.height=r):"link"===t.message&&(r=new URL(s.getAttribute("src")),n=new URL(t.value),c.test(n.protocol))&&n.host===r.host&&l.activeElement===s&&(d.top.location.href=t.value))}},d.addEventListener("message",d.wp.receiveEmbedMessage,!1),l.addEventListener("DOMContentLoaded",function(){for(var e,t,s=l.querySelectorAll("iframe.wp-embedded-content"),r=0;r<s.length;r++)(t=(e=s[r]).getAttribute("data-secret"))||(t=Math.random().toString(36).substring(2,12),e.src+="#?secret="+t,e.setAttribute("data-secret",t)),e.contentWindow.postMessage({message:"ready",secret:t},"*")},!1)))}(window,document);
//# sourceURL=https://carl-humann.de/wp-includes/js/wp-embed.min.js
/* ]]> */
</script>

Am Pfingstfest haben wir uns daran erinnert, dass die Jünger Jesu inspiriert wurden und in allen Sprachen sprechen konnten – ein schönes Bild für internationale Verständigung. Dieser Gedanke passt auch zu Europa, das an unserer Schule in vielfältiger Weise präsent ist: im Fremdsprachenunterricht, bei Fahrten und Gegenbesuchen im Rahmen unseres Programms Erasmus+ und in diesem...
