{"version":"1.0","provider_name":"Carl-Humann-Gymnasium Essen","provider_url":"https:\/\/carl-humann.de\/en\/","author_name":"Max Baukrowitz","author_url":"https:\/\/carl-humann.de\/en\/author\/max-baukrowitz\/","title":"In Erinnerung an Sven Meyer - Carl-Humann-Gymnasium Essen","type":"rich","width":600,"height":338,"html":"<blockquote class=\"wp-embedded-content\" data-secret=\"AIpqSnTfGw\"><a href=\"https:\/\/carl-humann.de\/en\/in-erinnerung-an-sven-meyer\/\">In Erinnerung an <br>Sven Meyer<\/a><\/blockquote><iframe sandbox=\"allow-scripts\" security=\"restricted\" src=\"https:\/\/carl-humann.de\/en\/in-erinnerung-an-sven-meyer\/embed\/#?secret=AIpqSnTfGw\" width=\"600\" height=\"338\" title=\"&#8220;In Erinnerung an &lt;br&gt;Sven Meyer&#8221; &#8212; Carl-Humann-Gymnasium Essen\" data-secret=\"AIpqSnTfGw\" frameborder=\"0\" marginwidth=\"0\" marginheight=\"0\" scrolling=\"no\" class=\"wp-embedded-content\"><\/iframe><script type=\"text\/javascript\">\n\/* <![CDATA[ *\/\n\/*! This file is auto-generated *\/\n!function(d,l){\"use strict\";l.querySelector&&d.addEventListener&&\"undefined\"!=typeof URL&&(d.wp=d.wp||{},d.wp.receiveEmbedMessage||(d.wp.receiveEmbedMessage=function(e){var t=e.data;if((t||t.secret||t.message||t.value)&&!\/[^a-zA-Z0-9]\/.test(t.secret)){for(var s,r,n,a=l.querySelectorAll('iframe[data-secret=\"'+t.secret+'\"]'),o=l.querySelectorAll('blockquote[data-secret=\"'+t.secret+'\"]'),c=new RegExp(\"^https?:$\",\"i\"),i=0;i<o.length;i++)o[i].style.display=\"none\";for(i=0;i<a.length;i++)s=a[i],e.source===s.contentWindow&&(s.removeAttribute(\"style\"),\"height\"===t.message?(1e3<(r=parseInt(t.value,10))?r=1e3:~~r<200&&(r=200),s.height=r):\"link\"===t.message&&(r=new URL(s.getAttribute(\"src\")),n=new URL(t.value),c.test(n.protocol))&&n.host===r.host&&l.activeElement===s&&(d.top.location.href=t.value))}},d.addEventListener(\"message\",d.wp.receiveEmbedMessage,!1),l.addEventListener(\"DOMContentLoaded\",function(){for(var e,t,s=l.querySelectorAll(\"iframe.wp-embedded-content\"),r=0;r<s.length;r++)(t=(e=s[r]).getAttribute(\"data-secret\"))||(t=Math.random().toString(36).substring(2,12),e.src+=\"#?secret=\"+t,e.setAttribute(\"data-secret\",t)),e.contentWindow.postMessage({message:\"ready\",secret:t},\"*\")},!1)))}(window,document);\n\/\/# sourceURL=https:\/\/carl-humann.de\/wp-includes\/js\/wp-embed.min.js\n\/* ]]> *\/\n<\/script>\n","thumbnail_url":"https:\/\/carl-humann.de\/wp-content\/uploads\/2024\/08\/Neues-Projekt-9.png","thumbnail_width":1920,"thumbnail_height":1080,"description":"Die Schulgemeinschaft des Carl-Humann-Gymnasiums trauert um ihren ehemaligen Sch\u00fcler Sven Meyer. Sven wurde im August 2015 am CHG als Sextaner eingeschult. Nach erfolgreicher Abiturpr\u00fcfung hat er im Juni 2023 sein Zeugnis mit einem sehr guten Notendurchschnitt entgegennehmen d\u00fcrfen. Kurz danach ist er schwer erkrankt. In Folge dieser Krankheit ist er \u2013 unerwartet &#8211; am\u00a026. Juli..."}

Die Schulgemeinschaft des Carl-Humann-Gymnasiums trauert um ihren ehemaligen Schüler Sven Meyer. Sven wurde im August 2015 am CHG als Sextaner eingeschult. Nach erfolgreicher Abiturprüfung hat er im Juni 2023 sein Zeugnis mit einem sehr guten Notendurchschnitt entgegennehmen dürfen. Kurz danach ist er schwer erkrankt. In Folge dieser Krankheit ist er – unerwartet &#8211; am 26. Juli...
