{"version":"1.0","provider_name":"Carl-Humann-Gymnasium Essen","provider_url":"https:\/\/carl-humann.de\/en\/","author_name":"Max Baukrowitz","author_url":"https:\/\/carl-humann.de\/en\/author\/max-baukrowitz\/","title":"Gesegnete Fastenzeit! - Carl-Humann-Gymnasium Essen","type":"rich","width":600,"height":338,"html":"<blockquote class=\"wp-embedded-content\" data-secret=\"xvfwkexpZp\"><a href=\"https:\/\/carl-humann.de\/en\/gesegnete-fastenzeit\/\">Gesegnete Fastenzeit!<\/a><\/blockquote><iframe sandbox=\"allow-scripts\" security=\"restricted\" src=\"https:\/\/carl-humann.de\/en\/gesegnete-fastenzeit\/embed\/#?secret=xvfwkexpZp\" width=\"600\" height=\"338\" title=\"&#8220;Gesegnete Fastenzeit!&#8221; &#8212; Carl-Humann-Gymnasium Essen\" data-secret=\"xvfwkexpZp\" frameborder=\"0\" marginwidth=\"0\" marginheight=\"0\" scrolling=\"no\" class=\"wp-embedded-content\"><\/iframe><script type=\"text\/javascript\">\n\/* <![CDATA[ *\/\n\/*! This file is auto-generated *\/\n!function(d,l){\"use strict\";l.querySelector&&d.addEventListener&&\"undefined\"!=typeof URL&&(d.wp=d.wp||{},d.wp.receiveEmbedMessage||(d.wp.receiveEmbedMessage=function(e){var t=e.data;if((t||t.secret||t.message||t.value)&&!\/[^a-zA-Z0-9]\/.test(t.secret)){for(var s,r,n,a=l.querySelectorAll('iframe[data-secret=\"'+t.secret+'\"]'),o=l.querySelectorAll('blockquote[data-secret=\"'+t.secret+'\"]'),c=new RegExp(\"^https?:$\",\"i\"),i=0;i<o.length;i++)o[i].style.display=\"none\";for(i=0;i<a.length;i++)s=a[i],e.source===s.contentWindow&&(s.removeAttribute(\"style\"),\"height\"===t.message?(1e3<(r=parseInt(t.value,10))?r=1e3:~~r<200&&(r=200),s.height=r):\"link\"===t.message&&(r=new URL(s.getAttribute(\"src\")),n=new URL(t.value),c.test(n.protocol))&&n.host===r.host&&l.activeElement===s&&(d.top.location.href=t.value))}},d.addEventListener(\"message\",d.wp.receiveEmbedMessage,!1),l.addEventListener(\"DOMContentLoaded\",function(){for(var e,t,s=l.querySelectorAll(\"iframe.wp-embedded-content\"),r=0;r<s.length;r++)(t=(e=s[r]).getAttribute(\"data-secret\"))||(t=Math.random().toString(36).substring(2,12),e.src+=\"#?secret=\"+t,e.setAttribute(\"data-secret\",t)),e.contentWindow.postMessage({message:\"ready\",secret:t},\"*\")},!1)))}(window,document);\n\/\/# sourceURL=https:\/\/carl-humann.de\/wp-includes\/js\/wp-embed.min.js\n\/* ]]> *\/\n<\/script>\n","thumbnail_url":"https:\/\/carl-humann.de\/wp-content\/uploads\/2026\/02\/1Fastenzeit7.jpg","thumbnail_width":1024,"thumbnail_height":768,"description":"In diesem Jahr fasten Christen und Muslime ab dem 18. Februar gleichzeitig- die Christen vierzig Tage lang bis Ostern, die Muslime einen Monat lang bis zum Zuckerfest. W\u00e4hrend das Osterfest jedes Jahr am Sonntag nach dem ersten Fr\u00fchlingsvollmond gefeiert wird und sich dadurch auch die Fastenzeit innerhalb des Fr\u00fchjahrs verschiebt, richtet sich der Ramadan nach..."}

In diesem Jahr fasten Christen und Muslime ab dem 18. Februar gleichzeitig- die Christen vierzig Tage lang bis Ostern, die Muslime einen Monat lang bis zum Zuckerfest. Während das Osterfest jedes Jahr am Sonntag nach dem ersten Frühlingsvollmond gefeiert wird und sich dadurch auch die Fastenzeit innerhalb des Frühjahrs verschiebt, richtet sich der Ramadan nach...
